7. Calculate m(d).
-6
Suppose -28 = -4*k - 3*n, -n = -k - 0*n. Suppose -g - 31 = -5*g + a, 4*a + 12 = 2*g. Let u(j) = -2 + g + 3*j - 5*j. Calculate u(k).
-2
Suppose -29 = 5*p - 3*i, -27 = -5*i - 12. Let a(s) = s**3 + 3*s**2 - 5*s + 1. What is a(p)?
5
Let v(k) = 4*k**2 + 10*k - 1. Let d be v(-2). Let l(n) = -2*n**2 - 8*n - 7. Determine l(d).
-17
Suppose 10*j = 5*j. Let v(f) be the second derivative of j + 1/5*f**5 + 1/12*f**4 + 0*f**3 - 2*f - 1/2*f**2. Give v(-1).
-4
Let c(k) be the first derivative of k**5/20 + k**4/2 - k**3/3 - k**2/2 - 5*k - 5. Let w(l) be the first derivative of c(l). Calculate w(-6).
11
Let p(r) = r - 4. Let x be p(0). Let u(b) = b**2 + 4*b + 1. What is u(x)?
1
Let r(w) = -2 - w + 0*w + 3. Suppose 0 = -3*y + 2*y - 5. Determine r(y).
6
Let k(i) = -i**3 - i. Let x(v) = 5*v**3 - 3*v**2 + 6*v. Let m(f) = -4*k(f) - x(f). Determine m(2).
0
Let f(y) = y + 163*y**3 - y**2 - 164*y**3 + 3*y. Calculate f(-3).
6
Let j(c) = 2*c - c + 4*c**2 + c - 5*c**2 - 2. What is j(2)?
-2
Let h(n) = n + 3. Let x be h(0). Suppose 3*a - 5*u - 16 = 0, 2*a - u - 10 = 2*u. Let y(z) = 2*z + 5 - z - a*z. What is y(x)?
2
Let l(u) = -8*u**2 + 4*u - 2. Let i be l(1). Let f(m) = m + 5. Give f(i).
-1
Let g(a) = 2*a - a**2 - 9 + 6*a + 2*a. Determine g(6).
15
Let w(j) = 2*j**3 + j**2 - 1. Let r(l) = l**3 + 8*l**2 + 5*l - 9. Let k be r(-7). Let d = k - 6. Calculate w(d).
-2
Let w(b) = -1. Let z(c) = c - 4. Let d(i) = -4*w(i) + z(i). Determine d(0).
0
Suppose -5*v - 2*y = -10, -2*v + 5*y = -4*v - 17. Let f(l) be the second derivative of -l**3/3 - 3*l**2/2 - 2*l - 2. Determine f(v).
-11
Let a(s) = 7*s**3 - s**2. Suppose -y + 10 = 3*l, -5*y - 3*l + 15 = 1. What is a(y)?
6
Let q(l) = -l. Let b be (20/(-6))/((-12)/18). Determine q(b).
-5
Let l = -4 - -7. Let d(g) be the third derivative of 0*g - 1/2*g**3 - g**2 + 0 - 1/120*g**6 + 1/8*g**4 + 1/20*g**5. Give d(l).
6
Let k = -37 - -24. Let s(d) = d - 1. Let n(b) be the first derivative of b**2 - 2*b - 4. Let y(m) = k*s(m) + 6*n(m). Determine y(-5).
6
Let f(c) = -4*c**2 + 5*c - 1. Let w(p) = p**2 - p. Suppose -3 + 7 = -4*l. Let z be 1*(1 - -4)/(-1). Let i(o) = l*f(o) + z*w(o). Give i(-2).
-3
Let l be ((3 + 1)/16)/(2/4). Let p(w) be the first derivative of -5*w - 1 - l*w**2. Determine p(-5).
0
Let k(h) = 5*h**3 - 5*h**2 + 3*h - 4. Let j(m) = 5*m**3 - 4*m**2 + 2*m - 3. Let b(q) = 5*j(q) - 4*k(q). Let w be 1 + 0*(-1)/4. Calculate b(w).
4
Let h(c) be the third derivative of 0 + 1/60*c**5 + 2/3*c**3 + 0*c + 1/4*c**4 - 7*c**2. Give h(-5).
-1
Let m(i) = 5*i**2 - 7*i - 7. Let k(a) = 6*a**2 - 8*a - 8. Let j(y) = -6*k(y) + 7*m(y). Let w be (6/8)/((-1)/4). Determine j(w).
-7
Let d(f) = -3*f + 2. Let r = 6 - 4. Let k be d(r). Let q(u) = -u - 8. Calculate q(k).
-4
Let x be 18*(15/6 - 2). Let f = x - 7. Let o(i) = -i + 0*i + f*i - 9*i**2. Determine o(1).
-8
Let t(r) = r**2 + 1. Let b(f) = 3*f**2 + 2*f + 3. Let o(c) = -b(c) + 2*t(c). Give o(-4).
-9
Let v(f) be the first derivative of f**3/3 + 3*f**2/2 - 5*f - 13. Determine v(-5).
5
Suppose h + 2*d + 10 = 0, -h + 4*d + d = -25. Let i(m) = m**3 + 3*m**2 - 3*m + 5. Let y be i(-4). Let v = y + h. Let l(b) = -4*b**2 + 2*b - 1. Determine l(v).
-3
Let i(o) be the second derivative of o**5/20 + o**4/6 - 2*o**3/3 + o**2/2 + 8*o. Calculate i(-3).
4
Let u(a) = -a + 14 - 11 + 2*a. Suppose -3*r = 4*m, -3*m + 6*m = -5*r. Determine u(m).
3
Let p be 38/5 + (-2)/(-5). Let l be (-4)/(-10) - p/(-5). Let w(t) be the third derivative of -t**5/60 + t**4/24 + t**3/3 + 3*t**2 - 10*t. Give w(l).
0
Let l(d) = -13*d**3 + 34*d**3 + 5 - 8*d**3 - 14*d**3 + 5*d**2. Determine l(6).
-31
Let i = 0 + 4. Let v(z) = z**3 - 3*z**2 - 5*z + 5. Determine v(i).
1
Let c(i) be the third derivative of i**4/24 - i**3 - 51*i**2. Let t be (2/4)/(1/12). What is c(t)?
0
Let c be 168/77 - (-2)/(-11). Suppose 4*k + c*v - 17 - 3 = 0, v = k + 1. Let j(n) be the third derivative of -n**4/24 + n**3/6 - n**2. What is j(k)?
-2
Let c(i) = -i**3 - 4*i**2 + 3*i + i**2 + i**3 + i**3 + 2. Give c(3).
11
Let q(w) be the second derivative of -w**4/12 + w**3/6 - w**2/2 - 2*w. Calculate q(-3).
-13
Let f(a) = -2*a + 4. Let r be ((-6)/8)/((-2)/8). What is f(r)?
-2
Suppose 5*q + 0*q - 5 = 0. Let l(n) be the second derivative of n**4/12 - n**3/3 + 4*n. Give l(q).
-1
Let w(s) = -21*s - 5. Let k(c) = 10*c + 3. Let r(q) = 11*k(q) + 6*w(q). Give r(2).
-29
Suppose 0 = 4*z + 4*m + 16, -z + 6 = -4*m + 3*m. Let w(a) = 6*a - 1. Calculate w(z).
5
Let r(y) = y**2 - y. Let v(g) = 0 + 2*g + 2 + 0*g + 0*g - 3*g**2. Let p(h) = 5*r(h) + v(h). Let l = 7 - 4. What is p(l)?
11
Let c = -6 + 7. Let s(u) = -u**2 + 1. Calculate s(c).
0
Let x be 1 + -1 + -1 + -1. Let s be -1 - (-1)/x*-2. Let w(u) = u**3 + u**2 - 8. Give w(s).
-8
Let s be -14*(-4 + 7/2). Let t(h) = -h + 7. Give t(s).
0
Suppose -2*r + 0*r = -2. Let b be (-2 + r)*1/(-1). Let g(j) = -8*j**2 + j. Give g(b).
-7
Let m(l) = -l - 8. Suppose -1 = s - 3. Let g be 2 + 3*s/(-3). Determine m(g).
-8
Suppose 2*p = -4*h + 6, 2*h - 5*p = 44 - 11. Let q(u) = 5*u + 8. Let y(m) = 14*m + 23. Let x(t) = 17*q(t) - 6*y(t). What is x(h)?
2
Let k(d) be the second derivative of -d**3/3 - 6*d. Let v(a) = -a - 8. Let r be v(-12). Determine k(r).
-8
Let d(g) be the second derivative of -g**4/12 - g**3/6 - 3*g**2/2 + 7*g. What is d(-4)?
-15
Suppose -7*h = -2*h. Suppose h*z = 4*z. Let n(i) = z - 2 - 3*i + 3*i + i**2. What is n(0)?
-2
Let q(a) = a**3 + a**2 + a + 6. Let y(c) = c**3 + c**2 + c + 5. Let f(g) = -3*q(g) + 4*y(g). Calculate f(-2).
-4
Let m = 9 - 5. Suppose 2*r = 5*l - 5, -4*l + 0 + 4 = -m*r. Let p(a) = a**2 - 2. Calculate p(r).
-2
Suppose 20 = 4*i + i, -12 = -4*r - 2*i. Let k(u) be the third derivative of 1/20*u**5 - 1/24*u**4 + 0 + 0*u - 4*u**2 + 1/6*u**3. What is k(r)?
3
Let h = -25 - -45. Let c(s) = -h*s + 2*s - 3 - 3 - 6*s**2. Let j(o) = -4*o**2 - 12*o - 4. Let m(d) = 5*c(d) - 7*j(d). Give m(-4).
-10
Let z be 14/28*(1 - 13). Let o(k) = -2*k - 9. Determine o(z).
3
Let k(l) = -6*l**3 + 4*l**3 + 3*l**3 - 2*l**3 - 5 - 4*l**2 + 4*l. Give k(-5).
0
Let h(i) = -i - 1. Let x = 51 - 49. Determine h(x).
-3
Let r(y) = 0*y**3 + y + 1 - 4*y**2 + 6*y**2 + y**3 - 2*y**3. Determine r(3).
-5
Let l be (-10)/6 - 1/3. Let q(t) be the second derivative of -t**5/20 + t**3/3 - 22*t. Give q(l).
4
Let r(v) = 2*v - 3. Let s be r(3). Suppose 5 = 2*x + 2*o - 3, 0 = s*x + 2*o - 10. Let i(z) = z - 5*z - z**x + 2*z. What is i(-2)?
0
Let b(a) be the third derivative of a**6/120 + a**5/20 - a**4/12 - a**3/2 + 4*a**2. Let q be b(-2). Let m(r) = r**2 - 6*r + 4. What is m(q)?
-1
Let i(f) = 2*f - 15. Let j be i(10). Suppose -2 = -j*p + 8. Let m(b) = -b. What is m(p)?
-2
Suppose -2*s - 4 = -d - 2, -3*d + 5*s + 1 = 0. Let z = 13 + d. Let i(x) = 3*x - 7. Determine i(z).
8
Let b(j) = 13*j**2 - j + 1. Let q(f) = f**2 - 6*f + 9. Let t be q(4). Calculate b(t).
13
Let k(r) = 5*r**2 + 1. Let j be k(-1). Let h(i) = 11*i + 4 + i**2 + 4 - 18*i. Give h(j).
2
Let q be ((-3)/6)/(1/(-36)). Let o = 14 - q. Let p(s) = -s**3 - 5*s**2 - 4*s - 4. What is p(o)?
-4
Suppose -6*x = -2*x - 8. Suppose x = -0*c + c. Let z(t) = -t**3 + t**2 + t + 2. Determine z(c).
0
Let q(x) = x**2 - 8*x + 3. Let s be 5/30*-2*-15. Determine q(s).
-12
Let d(t) be the second derivative of -3*t**2 + 0 - 3*t + 1/6*t**3. Suppose 3*n + 2*f = 4*n - 11, -5*f - 15 = 0. Give d(n).
-1
Let s(v) = -v**2 - 1. Let r = 31 + -32. What is s(r)?
-2
Let d(s) be the second derivative of s**5/20 + 5*s**4/12 + s**3/3 - 3*s**2/2 + 6*s. Give d(-3).
9
Let k(d) be the third derivative of -d**4/8 - d**3/6 + 6*d**2 + 6. Determine k(5).
-16
Suppose 26*u = 21*u. Let k(c) be the third derivative of 1/24*c**4 + 0*c + 1/3*c**3 - 1/60*c**5 + c**2 + u. What is k(3)?
-4
Let o(u) = -u**3 + 28*u**2 + 26*u + 92. Let c be o(29). Let j(m) = -7*m**2 + 15*m + 12. Let w(b) = 4*b**2 - 8*b - 6. Let l(a) = -3*j(a) - 5*w(a). What is l(c)?
-6
Let m(r) = -16*r - 2 + r**2 + 16*r. Let k = 6 - -3. Suppose 5*b - a + 10 = 0, 1 + k = -2*a. Calculate m(b).
7
Let o(g) = 3*g**3 - 3*g**3 + 4 + 0*g**3 - 4*g**2 - g**3. Let v(f) = f**2 + 8*f - 6. Let t be v(-9). Suppose 3*u = -9 - t. Calculate o(u).
4
Let a(o) be the second derivative of 0 - 1/12*o**4 - 1/2*o**3 - o**2 + 1/20*o**5 + 3*o. What is a(-2)?
-8
Let u(s) = s**3 - 2*s**2 + 2*s - 1. Let x be u(2). Let a(z) = -x + 